 - 6).
8
53 + (-9 - (-8 + -6)) + -20
38
What is 80 + (-25 + 22 + -6 - (-3 - -2))?
72
What is the value of 0 + -11 - (21 - (-21 - -35))?
-18
What is the value of -4 - ((20 + 0 - (529 + -425)) + 0 + 12)?
68
Calculate 19 + 5 + (161 - 192) - (1 - -61).
-69
What is -208 - -198 - ((6 - 7 - -9) + 0)?
-18
27 + -8 + 21 - (-13 + -10)
63
Calculate 8 + (2 - 0) - (21 + 110 + -54 + -39).
-28
Calculate 25 - (-55 - -38 - (21 + 0)).
63
What is the value of 35 - 1 - (1314 - 1254)?
-26
What is -5 + (6 - 12) + 6 + -5 - (1 - 3)?
-8
Calculate (-10 - (-1 - -3)) + -48 + 39.
-21
What is 5 + 18 - (377 + -465)?
111
Evaluate (82 - 0) + -3 + -45 + 36.
70
Calculate 22 - (-3 + 43 + -39 + -40).
61
Calculate -55 + 18 + 15 + 66 + 38.
82
Calculate 43 + (26 - 30 - 74).
-35
What is -11 + -7 + 20 + (46 - 70)?
-22
Calculate -7 + -1 + 1 + -368 + 375 - (151 - 29).
-122
What is the value of (13 - 10 - (-3 - -21)) + (2 - 75)?
-88
Evaluate 30 + -14 + (28 - (25 + (-4 - 8))).
31
What is (101 - 79) + (2 - -9) + -15?
18
What is 48 + -24 - (14 - 0) - (-6 + -3 + 6)?
13
(-37 - -89) + -38 + 15
29
Calculate -24 + 55 + 4 + 38.
73
Evaluate (-8 - -2) + (63 - (-2 - -2)) + (-65 - -58).
50
Evaluate -5 + -7 + -9 + (5 - (-4 - -6)) + 0.
-18
What is 15 + (70 - (-18 + -8 + 7 - -28))?
76
What is -1 + -43 - (8 - (-5 - (16 - 19 - 14)))?
-40
-29 - (-13 - -66 - 31)
-51
What is (-4 - -2) + 21 - -5 - -4?
28
Evaluate 34 - ((0 - -9) + (-11 - -1)).
35
Calculate 70 + 11 - (198 + -115).
-2
16 + 17 + 14 + 26 + -99
-26
-6411 + 6547 - (116 + -2)
22
What is the value of (-24 - -70 - 10) + (-11 - -4) + 8 + -1?
36
What is the value of (42 + -46 - 69) + 48?
-25
What is the value of (2 - 3) + -95 + (165 - 128) + (-8 - 28)?
-95
Calculate 2 + (4 - 9) + 14 + (97 - 90).
18
(9 - (32 - 14) - -7) + -27
-29
26 + 20 - (3 + -1) - ((-6 - 16) + 13)
53
Calculate -115 + 244 + (65 - 138).
56
What is the value of 25 + -81 + 36 + 7?
-13
What is 120 - (203 + -118) - -28?
63
What is 1 + 34 + 3 + -1 + 240 + -234?
43
Calculate -49 + -22 + (26 - 6) + -14.
-65
What is -11 - (14 + (-62 - -30)) - (22 - 1)?
-14
What is the value of 88 + (-27 - 3 - -10 - -2)?
70
Calculate 6 - (-14 + -2 + (3 - -9)) - 7.
3
Evaluate 9 + 5 + -11 - (7 - -57).
-61
-29 + -62 - (-110 + 50)
-31
Evaluate -7 + -10 + 63 - ((4 - -5) + 4 + 1).
32
Calculate -114 - (-123 + 110 + -6).
-95
Evaluate 6 - (-18 + 12) - (7 - 12).
17
Calculate -5 + 28 - (-6 + 7 + -1 + -2).
25
(6 + -1 - (76 + -69)) + 8 + -5
1
What is 15 - 23 - (-66 - (-7 - -18 - 7))?
62
What is (-6 + (4 - 6) - -11) + -10 + 0 - -16?
9
Calculate -1 + 1 + -11 + -3 + 16.
2
What is the value of (-19 - -3 - -4) + 2 - (18 - 75 - 7)?
54
Evaluate (5 - 1) + (-7 - 4 - -3) + (39 - 4).
31
Calculate (-7 - 6) + -102 - -60.
-55
What is the value of -44 - ((39 - 65) + 18)?
-36
What is (9 - -11) + -71 - -11?
-40
What is the value of -71 - (-18 + -17) - -34?
-2
What is 0 - 0 - (-47 - (54 - 98) - -7)?
-4
Evaluate -28 - (3 - (11 + -1 + -19)).
-40
What is the value of -40 + -3 - (-8 - (8 - (4 + 11)) - 5)?
-37
What is the value of (10 - -8) + (-179 - -38) + 8 - -15?
-100
What is the value of (96 - 78 - (14 + 36)) + -77?
-109
Evaluate (22 - 146) + 103 - ((0 - -2) + -16).
-7
What is 3 + (-3 - -2) + 11 - (-61 + 44 + 11)?
19
What is (-87 - 5) + (-709 - -871)?
70
Calculate 55 + (186 + -211 - (-13 - -1) - -28).
70
Evaluate (484 - 380) + -20 + 11 + -12 + 4.
87
Evaluate (-18 + 112 - 108) + 0 + 48.
34
What is the value of (3 - -27) + (4 - (12 + -27))?
49
What is -354 + 186 + 170 - (-1 + 0 - 92)?
95
What is the value of (-58 + 16 - 9 - -40) + -25?
-36
Evaluate (2 - (-28 - 1)) + (-1931 - -1864).
-36
20 + (115 - 130) + (2 - (-43 - -1 - -2))
47
Calculate 39 - (61 - 7) - (3 + 0 + -6 - -4).
-16
28 + -4 + (0 - 47)
-23
Evaluate 236 + -175 - ((4 - 4) + 11).
50
(133 - -7) + (-64 - (-48 + 12))
112
What is (20 - 14) + 12 + -20 + -3 + -4 + 93?
84
What is the value of 49 + (-1 + (-2 - (-14 - (7 - 7))) - 12)?
48
Calculate 100 + -115 - (-7 + 1 - -1 - -13).
-23
What is the value of -60 - -103 - ((1 - -2) + 12) - (8 + -8)?
28
53 - ((-30 - -28) + 10 - -12)
33
What is the value of -13 + 11 + (-12 - 0) + 0?
-14
What is the value of -42 - -1 - (-6171 + 6201)?
-71
What is the value of -5 + 5 + -12 - (-66 - -49)?
5
What is the value of 17 - (12 + -26) - 46?
-15
What is 118 - (58 + -22 + -33 + 32)?
83
Calculate -9 + (-34 - -1 - 7).
-49
What is 5 - (-64 + (16 - 12 - 9 - -17))?
57
What is (-33 - -24) + 1 + (3 - -6) + 6?
7
Calculate (-3 - -2 - -3) + -8 + (-7 - (-153 - -94)).
46
(-1 + 3 - 16) + (1367 - 1371)
-18
-5 + 25 + -37 + 32 + -105
-90
Evaluate 70 + -21 + -15 - -30.
64
What is the value of ((-14 - 3) + 26 - 12 - (-2 - -10)) + -54?
-65
-45 + 0 - (-7 - (46 - 49))
-41
Calculate (51 - (37 - 22)) + 2.
38
Calculate -310 + 360 + (-44 - -1).
7
Calculate (12 - -1) + -10 - ((-12 - -7) + -2) - -51.
61
(-1 - (1 - -4)) + (-41 - (-22 + 34)) + -22
-81
Evaluate 8 - (65 + (-16 + 22 - -2) + 7).
-72
Evaluate (11 - 45 - -38 - 39) + 0.
-35
What is the value of 27 - 4 - (36 + 41 + -48)?
-6
Calculate -28 + 1 + -15 - (-4 + 29).
-67
What is the value of -26 - -70 - (46 - 31)?
29
Calculate -5 + 83 + (-59 - 74).
-55
Evaluate 113 + -85 + (-1 + -1 - 3).
23
What is the value of 77 + -58 + -16 + 6 + -2 + 1 + -71?
-63
What is the value of (-123 - -126) + 0 + 4 + -1?
6
Evaluate 2 - (14 + 51) - -56.
-7
What is (19 - 17) + 9 - (12 + (5 - 3))?
-3
Evaluate (84 - 77) + -33 + -29.
-55
What is 151 - 162 - 153 - -114?
-50
What is -2 - ((1 - (11 + (-9 - -7))) + 2) - -28?
32
Evaluate -3 + (10 - (-11 - (-3 - 5))) + -13 - 5.
-8
What is -43 + (35 - 50) + (86 - 46)?
-18
-109 + (11 - 13) - (-6 - (-7 + 22))
-90
What is -6 - (7 + (-27 - 11) - 77)?
102
Evaluate -439 + 443 - (-1 - -42).
-37
What is 1 + -101 - (18 - -8 - (22 + -28 - -26))?
-106
What is the value of (-2 - 48) + (2 - -8) + 11 + -1 + -22?
-52
What is the value of -11 + -37 + 86 + -27?
11
-13 - (-96 - -104 - (23 + 0))
2
What is 25 + (72 - 82) + -19?
-4
What is -7 + 25 + (-38 - -50)?
30
What is -1 + (-1 - -11) + 2 - (-3863 + 3817)?
57
26899 - 26788 - (142 + 1)
-32
What is -6 + -2 + 11 + (-151 - (14 - 20))?
-142
Calculate 51 - ((2 - -19) + -42 - 4).
76
What is 0 - 10 - (56 + -96 + 34)?
-4
Evaluate 9 + (-12 - -25 - (2 - -13) - 7).
0
What is 63 - (2 - -72 - -12)?
-23
Evaluate -122 + (-26 - -146) - -33.
31
What is the value of (103 - (-73 - -136)) + 52?
92
Calculate 54 - (-66 - -81 - -32).
7
What is the value of -616 + 630 + -5 + 4 + (-1 - 2)?
10
-20 + (29 - (-17 - -14)) - -6
18
Calculate (-11 - -1 - 20) + 22 - -51.
43
1207 + -1250 - ((-3 - (9 + 3)) + 2)
-30
Calculate -1 + 7 + -158 + 33 + 72.
-47
Calculate -11 - (20 + -27 + -24 + -13 + 4).
29
What is (56 - (-4 + 34)) + -26 + -37?
-37
What is (-53 - (-29 - 30)) + 14?
20
What is (-2067 - -2052) + (-71 - (-2 + 4 + -6))?
-82
-20 - (1 - 1) - (-427 + (639 - 301))
69
Evaluate 27 + (5 - -36) + (-126 - -113).
55
Evaluate -21 + (-12 - (-81 - (17 + -13) - 5)).
57
Calculate 11 + 1 - (221 - (-157 + 310)).
-56
What is -87 - (-34 - (-90 + 107))?
-36
4 + (3 - ((-25 + -21 - 4) + 16))
41
Calculate -74 - (27 - (19 + 6) - -9 - (9 - -1)).
-75
Calculate -53 + 76 - 77 - -87.
33
-55 - (66 + -70 + -66)
15
-1 + -55 + 73 + -66 - (-6 - (3 - -2))
-38
What is -1195 + 1187 + (-4 - (-2 - 4) - (-34 + 4))?
24
What is 58 + -29 - (0 - (22 + -9))?
42
What is (-165 - -186) + ((17 - 10) + 6 - 187)?
-153
Evaluate (10 - (8 + 1 + (-56 - -47))) + (-1 - 40).
-31
What is 2 - (-2 + -6) - (209 - 204 - (46 + -3))?
48
What is the value of -5 + 68 + (7 - (12 + -12 + 8) - -1)?
63
What is -181 - -57 - (89 - 165)?
-48
Calculate -46 + (-37 + 50 - -32).
-1
5 + (6 - (69 - 71))
13
What is the value of -1 + -12 + (0 + 11 - ((81 - -14) + -15))?
-82
Calculate (-20 - -90 - 18) + (-13 - -2).
41
-18 + 36 + 22 - (-1 + 4 - 7)
44
What is the value of -5 + (1 - 1 - 6) - (18 - (20 - 1))?
-10
(1273 - 1237) + (-3 - 0 - 2)
31
What is the value of 53 + (-42 - (52 + -56))?
15
What is the value of (-1 - -15) + (-244 - -209) + -2?
-23
Calculate (-5 - (18 + -4)) + -10.
-29
What is the value of -350 + 350 + (-3 - (28 - 3))?
-28
3 + 6 + -47 + 20
-18
(2 - 51) + (0 - 3) + (-3 - -13)
-42
Evaluate 1 + -3 + 1 + -53 + (905 - 897).
-46
What is -60 + (1 - 3) + (708 - 696)?
-50
-38 - (26 + -23 + -39)
-2
Evaluate (2 - -25) + 48 + 12 + -5.
82
(-1577 - -1649) + (-83 - -2)
-9
Calculate 9 - (4 - (0 + 6)) - (78